/70?
2, 3
Let d be 6*6*(-27)/(-4). Suppose 4*r + 8 = 0, -5*v - r = -d - 1365. List the prime factors of v.
2, 7, 23
Let j(t) = -50*t + 60. Let r be j(-15). Let h = -527 + r. What are the prime factors of h?
283
Suppose -123 = -3*r - 15. Let y = r + 4. What are the prime factors of y?
2, 5
Let u be (-4)/(-10) - 1472/(-20). Suppose 2*g + u = 4*g. List the prime factors of g.
37
Let p(t) = -9 - 43*t - 3 + 16. What are the prime factors of p(-2)?
2, 3, 5
Let r(m) = 90*m + 27. List the prime factors of r(3).
3, 11
Let g(b) = 2*b**2 + b + 31 - b + b + 1. List the prime factors of g(-9).
5, 37
Suppose -2*l - j = -6951, 67*j + 13897 = 4*l + 70*j. What are the prime factors of l?
2, 37, 47
Let m = 39 + -44. List the prime factors of (0 - -3)/(5/m) + 38.
5, 7
Suppose -5*c - 2 = 5*y - y, -y + 2*c + 6 = 0. List the prime factors of y.
2
Let w = 2532 + -1399. List the prime factors of w.
11, 103
Suppose 14 - 16 = -u. Suppose 2*x - 167 + 21 = 2*o, -5*x + 350 = -u*o. Let c = 115 - x. What are the prime factors of c?
47
Let z be ((-66)/(-15))/(8/40). What are the prime factors of (88 - z) + 5 + -1?
2, 5, 7
Suppose 5*o = 10, 0 = -6*h + h - 3*o + 506. What are the prime factors of (0 - -345)*(h/(-15))/(-10)?
2, 5, 23
Suppose 8*x = 11*x - f - 15453, x - 5165 = 5*f. What are the prime factors of x?
2, 5, 103
What are the prime factors of (5*-38)/(-1 + (-13)/(-14))?
2, 5, 7, 19
Let d(r) = -9*r**3 + 4*r**2 + 10*r - 26. List the prime factors of d(-8).
2, 3, 13, 61
Suppose -2*s + 0*z + 4*z = -248, 5*s - 4*z = 620. Let h be s/8*-2 + 1. Let b = h + 42. List the prime factors of b.
2, 3
Suppose v + 2*l = -9, 5*v + l = -13 - 14. Let i(n) = -n + 1. List the prime factors of i(v).
2, 3
Suppose 0 = 9*i - 23*i + 25844. What are the prime factors of i?
2, 13, 71
Let w be (-10)/(-35) - 26/(-7). Suppose -t = -2*v - 97, w*t - 2*v - 110 - 260 = 0. What are the prime factors of t?
7, 13
Let p = -1096 + 1550. What are the prime factors of (-2 + p)*(5 - 36/8)?
2, 113
Let y(n) = n**3 + 29*n**2 - 38*n - 24. List the prime factors of y(-29).
2, 7, 11
Suppose 0 = -39*r + 34*r. List the prime factors of 2*(17 + (-2 + r)/(-2)).
2, 3
Let c = 547 - 165. List the prime factors of c.
2, 191
Suppose 4*s = -5*g - 83, 2*s = g - 4*g - 43. Suppose -264*p + 57 = -261*p. Let f = p - s. List the prime factors of f.
2, 3
Suppose -z + 57 = -97. Suppose 0 = 4*n - z - 270. What are the prime factors of n?
2, 53
Let p = 11470 - 6382. What are the prime factors of p?
2, 3, 53
Suppose k + 4*k = -65. Let h(j) = j**2 - 25*j - 18. Let f be h(27). Let d = k + f. What are the prime factors of d?
23
Suppose 5*h + 36 = 4*m, -5*m - 5*h + 3*h = -45. Let j = m + -7. Suppose -4*w + 148 = 4*f, 5*f + 143 = -j*w + 5*w. What are the prime factors of w?
41
Suppose 0 = -5*i + 15, -2*i + 596 = 5*m - 0*i. Suppose m = 4*n - 42. Suppose 0 = 2*c + 4*a - 40, -21 = -2*c + 3*a + n. What are the prime factors of c?
2, 13
Let g(l) = l**3 - 3*l**2 - 2*l + 4. Let w be g(4). Suppose 14*t - w*t - 214 = 0. List the prime factors of t.
107
Suppose -3*u = -3*x - 2*x + 210, -x = -u - 44. Let v(s) = -4*s + 3*s + x*s**3 - 3*s**3. What are the prime factors of v(1)?
5, 7
Suppose 4*h = -4*n + 30 + 14, 0 = -4*h - 3*n + 41. List the prime factors of -2*12/h + 134.
131
Let x(w) = -w**2 - 24*w - 22. Let h(i) = 5*i**2 + 119*i + 111. Let b(f) = 2*h(f) + 11*x(f). What are the prime factors of b(-17)?
7, 19
Suppose 3*q = 5*r - 0*r + 112, 5*r + 111 = 4*q. Let x = 64 + -72. Let c = x - r. What are the prime factors of c?
3, 5
Suppose 1492 = 8*b - 3292. What are the prime factors of b?
2, 13, 23
Let t(b) = -b**3 + 20*b**2 + 6*b - 40. List the prime factors of t(10).
2, 3, 5, 17
Let h(p) = -p**3 + 13*p**2 - 19*p + 13. Let v be h(12). Let a = v - -21. What are the prime factors of (a/35)/((-1)/7)?
2, 5
Let b be 6*2/4 - -1. Let x be (-66)/(-24) + (-3)/b. Let s = 13 - x. What are the prime factors of s?
11
Let u = 41 + -58. List the prime factors of (14/63 - u/(-9))*-99.
3, 5, 11
Let i(a) = a**3 - a. Let p be (-2 - 0)/(2 + 0). Let u(j) = 2*j**3 + 5*j**2 - 3*j - 5. Let z(b) = p*u(b) + 3*i(b). List the prime factors of z(5).
5
Let q = -4 - -26. Suppose 3*s - 15 = -6. Suppose -s*p + 124 = q. What are the prime factors of p?
2, 17
Suppose 0 = -7*d + 3740 - 296. List the prime factors of d.
2, 3, 41
Let z(n) = 2*n**2 + 0*n**2 - 3*n**2 + 0*n**2 - 20*n + 24. Let m be z(-21). Suppose 126 = 6*v + m*v. List the prime factors of v.
2, 7
Let v be (-10)/1*4/(-10). Suppose -i - v*u - 19 = -8*u, i = -5*u + 26. What are the prime factors of (-60)/(-16)*4/i?
3, 5
Suppose 15 = 3*h - 12. Let g = -11 - h. What are the prime factors of 55/4 - 5/g?
2, 7
Let g = 400 + -155. What are the prime factors of g/10*2 + -4?
3, 5
Let m(q) = -9 + 7*q**2 + 36*q**3 - 8*q**2 - 9 + 19. Let t = 4 - 3. List the prime factors of m(t).
2, 3
Suppose 10*h - 2438 - 982 = 0. What are the prime factors of h?
2, 3, 19
Let t(a) = -11*a + 7. Let q(g) = 1. Let c(u) = -5*q(u) - t(u). What are the prime factors of c(5)?
43
Suppose -a - 2068 = 4*g, 5*g + 1168 = 2*a - 1404. What are the prime factors of -3 - (0 + 3)/(18/g)?
83
Let a = 20 + 62. Let z be (a/(-6))/(1/9). List the prime factors of ((-3)/((-9)/z))/(-1).
41
Let s(j) = -38*j + 44. List the prime factors of s(-5).
2, 3, 13
Let i = -1 + 7. Suppose -r = -i + 15. What are the prime factors of 148/18 - (-2)/r?
2
Suppose 38*c + 27460 - 93922 = 0. What are the prime factors of c?
3, 11, 53
Suppose -j - 4*v = -352, -4*j - 5*v - 1107 = -7*j. Let b = 652 - j. List the prime factors of b.
2, 3
Suppose -7*p = 8 + 6. List the prime factors of 1/(206/102 + p).
3, 17
Let z(n) = 187*n + 66. Let j be z(6). What are the prime factors of (4 - 21/6)/(3/j)?
2, 3, 11
Let y = -284 + 474. What are the prime factors of y?
2, 5, 19
Suppose 7*c = 5*c + 2*m + 108, 3*c = -5*m + 194. Suppose 4*r - 3*d - c = 81, -2*d = -r + 41. What are the prime factors of r?
31
Let b(f) = 6*f - 3*f + 2*f**2 + 6*f + 11. Let k = 6 - 13. List the prime factors of b(k).
2, 23
Let j = 5691 - 3791. List the prime factors of j.
2, 5, 19
Suppose 2*z - 14*z = 0. Suppose -3*l - 2*l = -3*g + 715, z = 2*g - 3*l - 475. What are the prime factors of g?
2, 5, 23
Suppose -51*y - 27377 + 76643 = 0. List the prime factors of y.
2, 3, 7, 23
Let o be 20/90 - (-7)/9. What are the prime factors of (-6*o)/((-14)/385)?
3, 5, 11
Let r = 1605 - 402. List the prime factors of r.
3, 401
Let n(g) be the third derivative of -7*g**4/24 - 19*g**2 + 3*g. Suppose -2*l = 3*l + 10. What are the prime factors of n(l)?
2, 7
Suppose 5*r + 3*z - 6210 = 0, -3*r - 2*z = -r - 2484. What are the prime factors of r?
2, 3, 23
Let s = 302 - 79. Let i = s - 153. What are the prime factors of i?
2, 5, 7
Let s(j) = j - 1. Let o(g) = -5*g - 5. Let k(q) = -o(q) - 3*s(q). Let p be k(-4). Suppose p = -c - 0*c + 25. What are the prime factors of c?
5
Suppose -3*a + 26 = -70. Let o(w) = 3*w + 11 + a*w - 6. List the prime factors of o(2).
3, 5
Suppose 5*r = -26 + 6, -4*z = 5*r - 2548. List the prime factors of z.
2, 3, 107
Let c(u) = -182*u + 78. What are the prime factors of c(-6)?
2, 3, 5, 13
Let j(d) = -d**2 + 12*d - 5. Let u be j(12). List the prime factors of 2/u + 2352/30.
2, 3, 13
Let f(p) = p**2 - 2*p. Let c be f(3). Let m(u) = 7*u. Let g be m(c). Suppose v - g + 8 = 0. What are the prime factors of v?
13
Let a(s) = -4*s - 1. Let v be a(0). List the prime factors of (-3 - 1) + (160 - v).
157
Suppose -5*x - j = -14310, 0*x - 5*x + 14310 = -3*j. Suppose 6*d - x + 936 = 0. What are the prime factors of d?
3, 107
Let w(n) = n**2 - 4*n + 4. Let q be w(5). Suppose 8*l = q*l - 59. What are the prime factors of l?
59
List the prime factors of 56/252 - 44463/(-27).
3, 61
Suppose 2*u = 5 + 1. Suppose -4 = u*w - 1. List the prime factors of (w/3)/(3/(-333)).
37
Let j = 29 + -26. Suppose -h = -j*i + 288, 0 = -8*i + 4*i - h + 391. What are the prime factors of i?
97
Suppose 268 = 3*g - 173. Suppose 3*o = -m + g, m + m = -5*o + 246. Suppose -3*p + o = -p. List the prime factors of p.
2, 3
Let x(l) = -l + 17. Let c(q) = q**2 + 2*q - 4. Let n be c(-4). Suppose 5*v - n*y = 73, -2*v = -7*v - 3*y + 59. List the prime factors of x(v).
2
What are the prime factors of (-7310)/(-8) + (2 - 14/8)?
2, 457
Suppose -2*s - 3*p + 470 - 152 = 0, 4*p = -16. Let u = s - -7